{"id":335,"date":"2011-10-03T09:56:30","date_gmt":"2011-10-03T09:56:30","guid":{"rendered":"http:\/\/hellkihv.ee\/?page_id=335"},"modified":"2023-02-06T19:41:47","modified_gmt":"2023-02-06T19:41:47","slug":"naituste-tulemused-3","status":"publish","type":"page","link":"https:\/\/hellkihv.ee\/?page_id=335","title":{"rendered":"N\u00e4ituste tulemused"},"content":{"rendered":"<p><em><strong>Dion`s Arctic Opal`i n\u00e4ituste tulemused:<\/strong><\/em><\/p>\n<p style=\"text-align: left;\"><strong>Eesti Juuniort\u0161empion\/Estonian Junior Champion&nbsp; &nbsp; &nbsp; &nbsp; &nbsp; &nbsp; &nbsp; &nbsp; &nbsp; &nbsp; &nbsp; &nbsp; &nbsp; &nbsp; EST JCH<\/strong><\/p>\n<p><strong>L\u00e4ti Juuniort\u0161empion\/Latvian Junior Champion&nbsp; &nbsp; &nbsp; &nbsp; &nbsp; &nbsp; &nbsp; &nbsp; &nbsp; &nbsp; &nbsp; &nbsp; &nbsp; &nbsp; &nbsp; &nbsp; &nbsp;LVA JCH<\/strong><\/p>\n<p><strong>Leedu Juuniort\u0161empion\/Lithuanian Junior Champion&nbsp; &nbsp; &nbsp; &nbsp; &nbsp; &nbsp; &nbsp; &nbsp; &nbsp; &nbsp; &nbsp; &nbsp;LTU JCH<\/strong><\/p>\n<p><strong>Balti Juuniort\u0161empion\/Baltic Junior Champion&nbsp; &nbsp; &nbsp; &nbsp; &nbsp; &nbsp; &nbsp; &nbsp; &nbsp; &nbsp; &nbsp; &nbsp; &nbsp; &nbsp; &nbsp; BALT J CH<\/strong><\/p>\n<p><strong>Tallinna Juuniorv\u00f5itja 2012\/Tallinn Junior Winner 2012&nbsp; &nbsp; &nbsp; &nbsp; &nbsp; &nbsp; &nbsp;<\/strong><strong>TLNJW12<\/strong><\/p>\n<p><strong>Tallinna V\u00f5itja 2013\/TallinnaWinner 2013&nbsp; &nbsp; &nbsp; &nbsp; &nbsp; &nbsp; &nbsp; &nbsp; &nbsp; &nbsp; &nbsp; &nbsp; &nbsp; &nbsp; &nbsp; &nbsp; &nbsp; &nbsp; &nbsp; &nbsp; &nbsp; &nbsp; TLNW13<\/strong><\/p>\n<p><strong>Eesti T\u0161empion\/Estonian Champion&nbsp; &nbsp; &nbsp; &nbsp; &nbsp; &nbsp; &nbsp; &nbsp; &nbsp; &nbsp; &nbsp; &nbsp; &nbsp; &nbsp; &nbsp; &nbsp; &nbsp; &nbsp; &nbsp; &nbsp; &nbsp; &nbsp; &nbsp; &nbsp; &nbsp; &nbsp; &nbsp; EST CH<\/strong><\/p>\n<p><strong>L\u00e4ti T\u0161empion\/Latvian Champion&nbsp; &nbsp; &nbsp; &nbsp; &nbsp; &nbsp; &nbsp; &nbsp; &nbsp; &nbsp; &nbsp; &nbsp; &nbsp; &nbsp; &nbsp; &nbsp; &nbsp; &nbsp; &nbsp; &nbsp; &nbsp; &nbsp; &nbsp; &nbsp; &nbsp; &nbsp; &nbsp; &nbsp; &nbsp; &nbsp;LVA CH<\/strong><\/p>\n<p><strong>Leedu T\u0161empion\/Lithuanian Champion&nbsp; &nbsp; &nbsp; &nbsp; &nbsp; &nbsp; &nbsp; &nbsp; &nbsp; &nbsp; &nbsp; &nbsp; &nbsp; &nbsp; &nbsp; &nbsp; &nbsp; &nbsp; &nbsp; &nbsp; &nbsp; &nbsp; &nbsp; &nbsp; &nbsp;LTU CH<\/strong><\/p>\n<p><strong>Balti T\u0161empion\/Baltic Champion&nbsp; &nbsp; &nbsp; &nbsp; &nbsp; &nbsp; &nbsp; &nbsp; &nbsp; &nbsp; &nbsp; &nbsp; &nbsp; &nbsp; &nbsp; &nbsp; &nbsp; &nbsp; &nbsp; &nbsp; &nbsp; &nbsp; &nbsp; &nbsp; &nbsp; &nbsp; &nbsp; &nbsp; &nbsp; BALT CH<\/strong><\/p>\n<p><strong>Eesti V\u00f5itja 2017\/Estonian Winner 2017&nbsp; &nbsp; &nbsp; &nbsp; &nbsp; &nbsp; &nbsp; &nbsp; &nbsp; &nbsp; &nbsp; &nbsp; &nbsp; &nbsp; &nbsp; &nbsp; &nbsp; &nbsp; &nbsp; &nbsp; &nbsp; &nbsp; &nbsp; EST W17<\/strong><\/p>\n<p><strong>Tallinna V\u00f5itja 2018\/Tallinn Winner 2018&nbsp; &nbsp; &nbsp; &nbsp; &nbsp; &nbsp; &nbsp; &nbsp; &nbsp; &nbsp; &nbsp; &nbsp; &nbsp; &nbsp; &nbsp; &nbsp; &nbsp; &nbsp; &nbsp; &nbsp; &nbsp; &nbsp; TLNW18&nbsp; &nbsp; &nbsp; &nbsp; &nbsp; &nbsp; &nbsp; &nbsp; &nbsp; &nbsp; &nbsp; &nbsp; &nbsp; &nbsp; &nbsp; &nbsp; &nbsp; &nbsp; &nbsp; &nbsp;&nbsp;<\/strong><\/p>\n<p><strong>Eesti V\u00f5itja 2018\/Estonian Winner 2018&nbsp; &nbsp; &nbsp; &nbsp; &nbsp; &nbsp; &nbsp; &nbsp; &nbsp; &nbsp; &nbsp; &nbsp; &nbsp; &nbsp; &nbsp; &nbsp; &nbsp; &nbsp; &nbsp; &nbsp; &nbsp; &nbsp; &nbsp; &nbsp;ESTW18<\/strong><\/p>\n<p><strong>Balti V\u00f5itja 2018\/Baltic Winner 2018&nbsp; &nbsp; &nbsp; &nbsp; &nbsp; &nbsp; &nbsp; &nbsp; &nbsp; &nbsp; &nbsp; &nbsp; &nbsp; &nbsp; &nbsp; &nbsp; &nbsp; &nbsp; &nbsp; &nbsp; &nbsp; &nbsp; &nbsp; &nbsp; &nbsp; &nbsp;BALTW18<\/strong><\/p>\n<p><strong>Aasta n\u00e4itusekoer 2015<\/strong><\/p>\n<p><strong>P\u00f5hjamaiste kelgukoerte Erin\u00e4ituse V\u00f5itja 2015<\/strong><\/p>\n<p><strong>Eesti Veterant\u0161empion\/Estonian Veteran Champion&nbsp; &nbsp; &nbsp; &nbsp; &nbsp; &nbsp; &nbsp; &nbsp; &nbsp; EST VET CH<\/strong><\/p>\n<p><strong>Tallina Veteranv\u00f5itja 2019\/Tallinn Veteran Winner 2019&nbsp; &nbsp; &nbsp; &nbsp; &nbsp; &nbsp; TLN VETW19<\/strong><\/p>\n<p><strong>Eesti Veteranv\u00f5itja 2019\/Estonian Veteran Winner 2019&nbsp; &nbsp; &nbsp; &nbsp; &nbsp; &nbsp;EST VETW19<\/strong><\/p>\n<p><strong>Austria Veteranv\u00f5itja 2019\/Austria Veteran Winner 2019&nbsp; &nbsp; &nbsp; &nbsp; &nbsp; AUT VETW19<\/strong><\/p>\n<p><strong>Leedu Veterant\u0161empion\/Lithuanian Veteran Champion&nbsp; &nbsp; &nbsp; &nbsp; &nbsp; &nbsp; &nbsp; LTU VETCH<\/strong><\/p>\n<p><\/p>\n\n\n<figure class=\"wp-block-image size-large is-resized\"><img decoding=\"async\" loading=\"lazy\" src=\"https:\/\/hellkihv.ee\/wp-content\/uploads\/2020\/11\/Opa-1024x768.jpg\" alt=\"\" class=\"wp-image-1645\" width=\"508\" height=\"380\" srcset=\"https:\/\/hellkihv.ee\/wp-content\/uploads\/2020\/11\/Opa-1024x768.jpg 1024w, https:\/\/hellkihv.ee\/wp-content\/uploads\/2020\/11\/Opa-300x225.jpg 300w, https:\/\/hellkihv.ee\/wp-content\/uploads\/2020\/11\/Opa-768x576.jpg 768w, https:\/\/hellkihv.ee\/wp-content\/uploads\/2020\/11\/Opa-1536x1152.jpg 1536w, https:\/\/hellkihv.ee\/wp-content\/uploads\/2020\/11\/Opa.jpg 1824w\" sizes=\"(max-width: 508px) 100vw, 508px\" \/><\/figure>\n","protected":false},"excerpt":{"rendered":"<p>Dion`s Arctic Opal`i n\u00e4ituste tulemused: Eesti Juuniort\u0161empion\/Estonian Junior Champion&nbsp; &nbsp; &nbsp; &nbsp; &nbsp; &nbsp; &nbsp; &nbsp; &nbsp; &nbsp; &nbsp; &nbsp; &nbsp; &nbsp; EST JCH L\u00e4ti Juuniort\u0161empion\/Latvian Junior Champion&nbsp; &nbsp; &nbsp; &nbsp; &nbsp; &nbsp; &nbsp; &nbsp; &nbsp; &nbsp; &nbsp; &nbsp; &nbsp; &nbsp; &nbsp; &nbsp; &nbsp;LVA JCH Leedu Juuniort\u0161empion\/Lithuanian Junior Champion&nbsp; &nbsp; &nbsp; &nbsp; &nbsp; &nbsp; &nbsp; &hellip; <a class=\"read-excerpt\" href=\"https:\/\/hellkihv.ee\/?page_id=335\">Continue reading <span class=\"meta-nav\">&raquo;<\/span><\/a><\/p>\n","protected":false},"author":2,"featured_media":0,"parent":316,"menu_order":0,"comment_status":"closed","ping_status":"open","template":"","meta":{"footnotes":""},"_links":{"self":[{"href":"https:\/\/hellkihv.ee\/index.php?rest_route=\/wp\/v2\/pages\/335"}],"collection":[{"href":"https:\/\/hellkihv.ee\/index.php?rest_route=\/wp\/v2\/pages"}],"about":[{"href":"https:\/\/hellkihv.ee\/index.php?rest_route=\/wp\/v2\/types\/page"}],"author":[{"embeddable":true,"href":"https:\/\/hellkihv.ee\/index.php?rest_route=\/wp\/v2\/users\/2"}],"replies":[{"embeddable":true,"href":"https:\/\/hellkihv.ee\/index.php?rest_route=%2Fwp%2Fv2%2Fcomments&post=335"}],"version-history":[{"count":64,"href":"https:\/\/hellkihv.ee\/index.php?rest_route=\/wp\/v2\/pages\/335\/revisions"}],"predecessor-version":[{"id":1689,"href":"https:\/\/hellkihv.ee\/index.php?rest_route=\/wp\/v2\/pages\/335\/revisions\/1689"}],"up":[{"embeddable":true,"href":"https:\/\/hellkihv.ee\/index.php?rest_route=\/wp\/v2\/pages\/316"}],"wp:attachment":[{"href":"https:\/\/hellkihv.ee\/index.php?rest_route=%2Fwp%2Fv2%2Fmedia&parent=335"}],"curies":[{"name":"wp","href":"https:\/\/api.w.org\/{rel}","templated":true}]}}